at is the units digit of s?
9
What is the tens digit of 5/10*1084 + -6?
3
Suppose -t + 4*g + 30 = -19, -4*g = -3*t + 171. Suppose -5*x = t - 666. What is the units digit of x?
1
Let j(l) = l**3 + 2*l**2 - 4*l - 5. Let p be 3 + 2/((16/(-4))/(-2)). What is the units digit of j(p)?
5
Let u(i) = 6 + 3 + 0 - 8 + i. Suppose 0 = 2*f - 6*f + 44. What is the tens digit of u(f)?
1
Let g = 2 + -2. Suppose g*o - o = 1. What is the units digit of 17 + -3 + o/(-1)?
5
Let r = 4049 + -2400. What is the thousands digit of r?
1
Let u(j) = 85*j + 44. Let x(v) = -43*v - 22. Let c(o) = -3*u(o) - 5*x(o). What is the units digit of c(-4)?
8
Suppose -10*v + 2734 + 3726 = 0. What is the units digit of v?
6
Suppose 2*y = y - 2*f + 278, 0 = -2*y + 2*f + 538. What is the units digit of y?
2
Suppose -7*f + 410 = -4*f - 5*a, 0 = -a - 1. Let i be (0 + 0)/(-2) + 6. What is the tens digit of f/i + 3/(-2)?
2
Let v = -49 - -31. Let k(t) = -t**2 - 19*t + 7. What is the units digit of k(v)?
5
Let x(u) = 7*u**2 + 2*u + 12. Let o be x(-3). Suppose 4*c - 63 = o. What is the tens digit of c?
3
Let r = -13 + 11. What is the tens digit of (1/r)/(4/(-456))?
5
Suppose 5*g = 3*p - 538, 33 = p + 4*g - 118. What is the tens digit of p?
7
Let c(h) = 52*h**2 - 81*h - 470. What is the thousands digit of c(-6)?
1
Let y(n) = n**2 + 3*n + 7. Let c be y(-5). Let x = -14 + c. Suppose -z + 15 = x. What is the tens digit of z?
1
Let k = 479 - 295. What is the hundreds digit of k?
1
Let n = 18 + -22. What is the tens digit of (3 + n)*3 - -63?
6
Let b = 5 - -27. Suppose f = 3*x - b, 12*x - 42 = 8*x + f. What is the units digit of x?
0
Suppose 3*b - z - 452 = 0, 722 = 5*b - 2*z - 30. Suppose -3*n - b = -5*n. Let d = -28 + n. What is the tens digit of d?
4
Suppose -q + 573 = -4*r + 1715, -3*r + 2*q + 854 = 0. What is the units digit of r?
6
What is the units digit of -7*(-5517)/(-27)*-3?
1
Let u(p) = 64*p**2 - p - 2. Let w = 11 + -9. What is the hundreds digit of u(w)?
2
Suppose 2*v - 233 = -g + 420, -5*g - v = -3220. What is the hundreds digit of g?
6
Let t(i) = 7*i**2 + i + 1. Suppose 3*j + 75 = 6*j. Let a be 30/j - 2/10. What is the units digit of t(a)?
9
Let j(c) = -7*c + 1. Let d be j(-3). Let y be (-4)/d + (-378)/(-22). Suppose -n = -9 - y. What is the units digit of n?
6
Let o(p) be the third derivative of -p**5/60 - p**4/6 + p**3/6 + 3*p**2. Let l be o(-5). What is the tens digit of (-567)/14*l/6?
2
Let b(d) = -14 + 31 - d + d**2 + 5*d**3 - 13. What is the tens digit of b(2)?
4
Let y be 10/(-15) - (-16)/6. Suppose -y*b - 4*a = -252, -5*b + 560 = -0*a - 4*a. What is the units digit of b?
6
Let o = 16 + -26. Let m = 2 - o. What is the tens digit of (-306)/m*(-2)/3?
1
Let z = -30 + 27. Let r = 4 + z. Suppose b - r = 20. What is the tens digit of b?
2
Let y(i) = -2*i + 8. Let x be y(7). Let u(f) = f**2 + 6*f + 8. What is the units digit of u(x)?
8
Suppose 5*p - 9*l = -7*l + 15220, 5*l = 0. What is the thousands digit of p?
3
Let g(h) = -5*h - 3. Let n be 15/(-6*2/(-8)). Let b be ((-4)/n)/((-3)/(-15)). What is the units digit of g(b)?
7
Let i = -22 - -20. What is the units digit of 14 + i + 2 + -3?
1
Let m(z) = z**2 + 2. Suppose 7 = 2*v - 33. Suppose t - 4*l = 21, 0 = 5*l + v. What is the units digit of m(t)?
7
Suppose 11*o - 11429 = 5368. What is the tens digit of o?
2
Suppose -12 = -g + 3*g. Let c be g*(8/(-12) + 0). Suppose -3 = -7*n + c*n. What is the units digit of n?
1
Let u = 125 + -120. Suppose 414 = u*k - 3*w, k = -2*w + 90 - 15. What is the units digit of k?
1
Let n(z) = -z**2 + 9*z - 23. Let w be n(10). Let y = w + 115. What is the tens digit of y?
8
Let t(n) be the third derivative of n**4/6 - 4*n**3/3 - 14*n**2. What is the units digit of t(4)?
8
Let z be 1 + (-1)/2*-2. Suppose -55*i + 19*i = -756. Let v = i - z. What is the tens digit of v?
1
Let d be (-1)/((-2)/32*-4). Let p(j) = -j**3 - 2*j**2 + j + 5. What is the tens digit of p(d)?
3
Suppose -11*z - 651 = 559. Let w = -15 - z. What is the units digit of w?
5
Let q = -95 - 19. What is the units digit of (0 + q/(-9))*(-75)/(-10)?
5
Let g(v) = -v**3 - 4*v**2 + 2. Let j be g(-4). Suppose -10 = -j*y - 3*y. Suppose -y*l - 27 = -p + 49, 355 = 5*p - 5*l. What is the tens digit of p?
6
Let z be (-1)/(1/(-2))*(-624)/48. What is the hundreds digit of 2/(-4) + (-6253)/z?
2
Let p(u) be the first derivative of -11*u**2/2 - 3*u - 5. What is the tens digit of p(-4)?
4
Let z(b) be the third derivative of -b**6/120 + 11*b**5/30 + 4*b**4/3 - 25*b**3/3 - 36*b**2. What is the units digit of z(23)?
7
Suppose -4*u + 43 = t, -5*t + 1 = -u - 4. Let a(f) = 2*f - 7. What is the units digit of a(u)?
3
Suppose 2*b = 3*k + 252, 0 = -2*k + 7*k. What is the hundreds digit of b?
1
Let y be 1/(-2 + 1525/765). Let j = -115 + y. What is the tens digit of j/(-12) - 1/3?
2
Suppose 3*l + 2*d + 977 = 8*l, 20 = 5*d. What is the hundreds digit of l?
1
Let p(v) = 10*v + 2*v**3 - 8*v**2 + 22 - 6*v**3 - 9 + 3*v**3. Let g be p(-9). Suppose 3*c - 2*s = 2*s + 74, s = g*c - 77. What is the tens digit of c?
1
Suppose -13280 = -15*x + 5*x. What is the tens digit of x?
2
Suppose n - 45 = -0*n. Let l be n/5*(-2)/(-6). Suppose -g = l*d - 50, 3*d + 3*g + 0*g - 42 = 0. What is the units digit of d?
8
Let v be (-1)/(((-3)/(-3))/(-9)). What is the units digit of 5 + -2 - (v - 9)?
3
Let m(x) = 2*x**3 + 15*x**2 - 19*x - 17. What is the units digit of m(-8)?
1
Let r be 4/18 - (-2372)/18. Let v = 5 + r. What is the hundreds digit of v?
1
Suppose n - 3*s = -220 + 550, 0 = -2*n + 5*s + 662. What is the units digit of n?
6
Let o = 20 - 12. What is the tens digit of 4*o - (-4 - -5)?
3
Let i = -46 + 69. What is the hundreds digit of (i - 25)/((-1)/99)?
1
Let p(d) = d**3 + 16*d**2 + 2. Let m be p(-16). Suppose -m*s = -4*k + 168, 2*k - 5*s - 200 = -3*k. What is the units digit of k?
4
Let t(w) = 15*w + 5. Let x be ((-3)/1)/((-5)/(-45)*-3). What is the hundreds digit of t(x)?
1
What is the thousands digit of -4 - (-9336)/30*(-2 + 7)?
1
What is the hundreds digit of (6 - (-107)/(-3))/((-1)/12)?
3
Suppose -9 + 7 = -q. Let y = q + -29. Let z = y - -47. What is the units digit of z?
0
Suppose 15*v - 421 - 614 = 0. What is the units digit of v?
9
Let z = 476 + 109. What is the tens digit of z?
8
Let j be ((-2)/(-4))/(-3 + (-7)/(-2)). What is the units digit of (-1 - -32)/(5/15)*j?
3
Let t(d) = -d**2 + 6*d - 6. Let w(q) = -q + 1. Let u(y) = t(y) + 5*w(y). Let g be u(-4). What is the units digit of (g/14)/(3/(-4))?
2
Suppose -49*j + 54*j = 1530. What is the tens digit of j?
0
Let f = 659 - 1. What is the units digit of f?
8
Suppose -5*g + 56 = -3*o - 72, 15 = -3*g. Let z = o - -127. What is the tens digit of z?
7
Let j(s) = 2*s - 8 - 1 - 21 - 5*s. Let r(f) = 4*f + 45. Let i(a) = 8*j(a) + 5*r(a). What is the tens digit of i(-10)?
2
Let m(q) = q**3 + 19*q**2 + 30*q. What is the units digit of m(-15)?
0
Let p(v) = 14*v**2 + 2*v + 3. Let g be 1/((0 + -1)*1). What is the units digit of p(g)?
5
Let h(w) = 8*w**2 - 4*w - 14. What is the hundreds digit of h(-7)?
4
Let u(n) be the first derivative of n**3/3 - 3*n**2 - 6*n - 5. What is the tens digit of u(11)?
4
Let u(t) = 0 - t + 1 - 2 - 7. Let z be u(-5). What is the units digit of 6 + z/3 + 2?
7
Suppose 28*v - 13309 = 21915. What is the tens digit of v?
5
Suppose -m - 4*m = -20. Suppose -6*h - 12 = -m*h. Let s = h + 36. What is the units digit of s?
0
Let t(v) = v**3 + 2*v**2 + 16*v - 14. What is the hundreds digit of t(9)?
0
Let x(t) = 21*t + 7. Let m be x(-5). Let q = -29 - m. What is the tens digit of q?
6
Let g = -1231 + 475. What is the units digit of (-16)/6*g/24?
4
Suppose -22 = -5*d + 393. Let m = 164 + d. What is the hundreds digit of m?
2
Suppose -4*n + 76 = -4*y, -2*y + 0 = 2. Suppose -n*l + 23*l - 475 = 0. What is the tens digit of l?
9
Suppose 4*g = 3*h + 6, 2*h = 3*g + 1 - 6. Suppose h*o - 2*w = 264, 4*o - 5*o + 3*w + 132 = 0. What is the units digit of o?
2
Suppose -8430 = -2278*y + 2268*y. What is the tens digit of y?
4
Let x(k) = 17*k**2 + 21*k - 42. What is the hundreds digit of x(-9)?
1
Suppose 4*z = 7*z - 4*b - 7538, 0 = -4*z - 4*b + 10088. What is the tens digit of z?
1
Let f be ((-20)/15)/((-1)/6). Let x be (-2)/f - (-154)/8. Suppose 4*d = x + 1. What is the units digit of d?
5
Suppose -10*h = -h + 3771. Let a = -270 - h. What is the hundr